 + l*o = 3*o - 40, -q - 3*o + 8 = 0. What are the prime factors of q?
2
Let b = 231 - 115. What are the prime factors of b?
2, 29
Suppose 0 = -2*g - 10, 4*g - 10 = -q + 3*q. Let u = 29 + q. What are the prime factors of u?
2, 7
Let m be (-4)/6 + (-2)/(-3). Suppose 0 = -3*i - m*f - 3*f + 21, 5*i - 11 = 3*f. List the prime factors of i.
2
Suppose -3*x + 5*w - 4 = 0, 5*w - 1 = -2*x + 13. Suppose 3*f - 21 = -63. What are the prime factors of f/(-2) - (0 - x)?
3
Let r(o) be the second derivative of o**4/12 + o**3/3 + o**2 + o. What are the prime factors of r(3)?
17
Let d be 2/(-6) - 32/(-6). Suppose o - 25 = 5*n, -3*n + 9 = d*o + n. Suppose o*w - r = 36, 24 = 3*w + 5*r - 20. List the prime factors of w.
2
Let j(u) = 7*u**2 - 35*u + 10. Let x(a) = -4*a**2 + 18*a - 5. Let k(m) = -3*j(m) - 5*x(m). List the prime factors of k(11).
3, 13
Suppose -34 = -5*r - 4*j, 0*r + 5*j + 70 = 5*r. Let g be (-1 + 0)*(r - 1). What are the prime factors of ((-6)/g)/(4/66)?
11
Let s(f) = 13*f**3 - f**2 - 4*f - 2. Let p(q) = q**3 - q - 1. Let c(z) = -3*p(z) + s(z). Let v be (-6 + 7)*(1 - 0). What are the prime factors of c(v)?
3
Let n = -11 - -17. Let l = -1 + n. Let j = 13 - l. What are the prime factors of j?
2
Let y(x) = -x + 1. Let h(w) = w - 4. Let g(n) = -h(n) - 3*y(n). Let l be g(1). Suppose -2*z + 2 = -4*t, -30 = -5*z + l*t + 2*t. List the prime factors of z.
11
Let z(p) = 3*p**3 - 11*p**2 - 23*p - 3. Let k(h) = h**3 - 4*h**2 - 8*h - 1. Let n(r) = 17*k(r) - 6*z(r). What are the prime factors of n(-3)?
2
What are the prime factors of (3248/49 - (-4)/(-14)) + -2?
2
Let j = 22 - 16. Suppose j + 1 = c. List the prime factors of c.
7
Suppose 0 = -5*v + 4*m - 222, 56 = -4*v - 4*m - 100. What are the prime factors of (3/2)/((-9)/v)?
7
Suppose 4*p + 616 = -0*k + 4*k, -3*k + p = -456. List the prime factors of k.
151
Suppose 0 = 4*j - 0*j + 16. Let u(p) = -5 + 8 + 2 + 2 + p. List the prime factors of u(j).
3
Suppose 1 = 2*c + 2*w + 3, 5*c = 5*w - 15. List the prime factors of 10 - c/((-4)/(-6)).
13
Let a(g) = -15 - 3*g + 3*g + 4*g. What are the prime factors of a(10)?
5
Suppose -5*j - 4*k = 30, -5*k + 6 = 3*j - 4*j. Let w(y) = -9*y - 6. List the prime factors of w(j).
2, 3
Suppose 5*i = 2*l + 2*i - 101, 2*l - 2*i = 98. List the prime factors of l.
2, 23
Let b be (-3 + -4)*12/7. Let q = -4 - b. What are the prime factors of q?
2
List the prime factors of 336/5 - (-4)/(-20).
67
Let i(h) = h**3 - 2*h**2 - 5*h + 3. Let k be i(4). Let p = -9 + k. Let v = p - 1. What are the prime factors of v?
5
Let n(j) = -j + 5. Let y be n(3). Suppose -y*q = b - 12 + 4, 3*q + 3*b = 6. What are the prime factors of q?
2, 3
Let p be (2*-1)/(2/(-123)). Suppose -3*q + 95 = -5*b, p = 4*q - 5*b + 2*b. List the prime factors of q.
2, 3, 5
Let z be 25*((-33)/(-15) - 3). Let v(f) = -3*f + 5. Let q be v(-8). Let t = z + q. List the prime factors of t.
3
Let p = 247 + -159. Suppose c + p = 3*y, 3*c + 0*c - 139 = -4*y. What are the prime factors of y?
31
Let n = -17 + 11. What are the prime factors of (1 + n)*(6 - 7)?
5
Let w be 1*1/(-2 - -3). Let b be (-4 + 19)*(0 - w). Let x = -1 - b. What are the prime factors of x?
2, 7
Let b(c) = -10*c + 9. What are the prime factors of b(-6)?
3, 23
Let w be 16/12 + 4/6. Suppose z + 5 = 6*z - 5*h, -w*h = 0. Suppose -4 = -0*p + 2*p, -3*j = 5*p + z. List the prime factors of j.
3
List the prime factors of 1/(3 + (-24)/9).
3
Let y = -16 + 28. Let f be (-2)/(-1) + y/6. Suppose 32 = 5*x + w, w = f*w + 9. List the prime factors of x.
7
Let s(x) = -x**2 - 5*x + 4. Let g be s(-5). Let f(k) = -3 - 1 - g*k + k. What are the prime factors of f(-4)?
2
Let i(m) = -m + 5. Let s be i(0). Suppose 0 = -5*t + 3*b + 41, -5*t + 65 = -0*b + s*b. List the prime factors of t.
2, 5
Suppose 0 = -5*b + c + 266, -b + 2*c + 41 = -5. Let z = -29 + b. List the prime factors of z.
5
Suppose -5*p - 8 = 7, -5*h + 27 = -4*p. Suppose 5*l - 22 = 2*l - 2*o, h*l = -3*o + 18. What are the prime factors of l?
2, 5
Let o(p) be the first derivative of -2 + 9/2*p**2 - 1/3*p**3 - 5*p. List the prime factors of o(6).
13
Suppose 3*k = 5*d + 187, 3*k + 3*d + 317 = 8*k. What are the prime factors of k?
2
Suppose 0 = -3*q + 3*o + 135, 3*o - 2*o = -2*q + 84. What are the prime factors of q?
43
Suppose -2*z - 2*z + 352 = 4*v, 5*v + 3*z = 446. List the prime factors of v.
7, 13
Suppose 6 = u + 3. Let s(c) = 1 - 2 + 2*c - u + 0. List the prime factors of s(12).
2, 5
Suppose -2*u - 3*p = -4, -2*u - 4*p + 2 = -2. Suppose 5*x + 0 = 3*f - 17, -4*x + 26 = u*f. Suppose -c + 0*c + f = 0. What are the prime factors of c?
3
Suppose -t + 1 = 3*s, -4*t + 5*s - 13 = -0*t. List the prime factors of t/6*(1 + -10).
3
What are the prime factors of (29 - 31)*(1 - 137)?
2, 17
Let c(v) = 10*v**3 + v**2 + 2*v + 1. What are the prime factors of c(3)?
2, 11, 13
Let b = -214 - -443. List the prime factors of b.
229
Let j = 302 + -123. List the prime factors of j.
179
Let w = 10 - -8. What are the prime factors of w?
2, 3
Suppose 2*q - 7*q + 260 = 0. List the prime factors of q.
2, 13
Suppose -g - 4*g + 10 = 0. Let f(l) = l**2 + g - 2 - 2. What are the prime factors of f(-2)?
2
Suppose n = 5*c - 24, 0 = -3*n - 5*c + 19 + 9. Let i(d) = 20*d + 1. Let b be i(n). Suppose b = 5*r - 2*r. What are the prime factors of r?
7
Let x be (36/(-16) - -3)*4. Suppose x*j - 2 = 16. What are the prime factors of j?
2, 3
Let z = -1 - -1. List the prime factors of (-4 - z)/(-2) + 4.
2, 3
Let o = -13 + 4. List the prime factors of ((-6)/2)/(o/21).
7
Let r(v) be the second derivative of v**3/6 + 2*v. Let i be r(2). What are the prime factors of (-94)/(-18) + i/(-9)?
5
Suppose -135 - 55 = -c. What are the prime factors of c?
2, 5, 19
Let d(r) = -r**3 - 6*r**2 - 7*r - 4. Let k be (-3)/4 + 65/(-20). Let c be d(k). List the prime factors of (-122)/(-10) + c/40.
2, 3
Let o(f) = -f**3 - 9*f**2 - 5*f - 2. Let m be o(-8). Let u = m + 41. What are the prime factors of 6/u + (-129)/(-15)?
3
Let v(g) = -g**3 - 4*g**2 + 3*g + 3. Let h be v(-5). Suppose -h = 4*j - 1. Let y = j + 15. List the prime factors of y.
2, 3
Suppose -3*l + 187 = -65. List the prime factors of l.
2, 3, 7
List the prime factors of 2*(4/((-2)/1) - -85).
2, 83
Let w = -8 - -2. Let n be (9/w + 1)*-22. Suppose -4*b + n + 29 = 0. List the prime factors of b.
2, 5
Let t = -3 + 5. Suppose -3*s - 2*j = -38, -s = -j + 3*j - 18. Suppose 0 = -t*v + s + 2. List the prime factors of v.
2, 3
Suppose 0 = -3*z - 2*i + 311, -3*i = -1 - 2. What are the prime factors of z?
103
Let o(p) = p**2 - 2*p - 1. Let u = -1 - -4. Let r be o(u). Suppose 5*x + 3*b - 22 = 0, -3*x + 11 = r*b - 2. What are the prime factors of x?
5
Let y(q) = -8*q**2 + 7*q + 9. Let j be y(9). List the prime factors of j/(-40) + (-2)/5.
2, 7
Let d = 2 + -2. Let f be (-2 + 2 + d)*1. Suppose f = 3*a - 7 - 20. What are the prime factors of a?
3
Let h(q) = -3*q - 7. Let s be h(7). What are the prime factors of (-2)/7 + (-624)/s?
2, 11
Let q(z) = 24*z**2 - 2*z - 1. Let o be q(-1). Let f be (o/(-20))/((-1)/4). Let a(n) = 2*n - 4. What are the prime factors of a(f)?
2, 3
Let z(i) = 72*i**3 - 2*i**2. What are the prime factors of z(1)?
2, 5, 7
Let i(w) = 28*w - 2. Suppose -3*h - 1 = -6*h + b, 13 = -h + 3*b. Let d be i(h). Suppose -5*k = -4*t + 5 - d, 0 = -3*k - 5*t + 59. List the prime factors of k.
13
Suppose -4*o = 4*s - 12, s - 17 = -4*o + 2*s. Suppose 2*b - o = 4. What are the prime factors of b?
2
Let q = -8 + 14. List the prime factors of (-185)/(-10) - (-3)/q.
19
Let f(x) = x**2 - 1. Let k be f(1). Suppose -2*j - j = k. Suppose j = 4*s + q - 9, -3*q = 2*s + 6 - 3. List the prime factors of s.
3
Suppose 5*j - 3*m = -0*m + 36, -j - 5*m - 4 = 0. Let t(s) = s**2 - 4*s - 6. List the prime factors of t(j).
2, 3
Let n(y) be the first derivative of y**3/3 - y**2/2 + 2*y - 2. List the prime factors of n(3).
2
Let b be 46/14 - (-6)/(-21). Suppose b*q - 20 = -q. What are the prime factors of q?
5
Let a be ((-1)/(-1))/((-8)/(-600)). Suppose 2*t - 11 - a = 0. Suppose -3*j + t = 2*h, 3*j + 17 = -0*h + h. What are the prime factors of h?
2, 5
Let n = 48 - 38. What are the prime factors of n?
2, 5
Let s = 9 + -4. Suppose -107 = s*a + 28. List the prime factors of (a/6)/(2/(-4)).
3
Suppose 4*k + 5*p - 1 = 0, 0 = 2*k + 2*p - 1 - 1. Let s be (-25)/9 + k/(-18). List th